g**3 - 3*g**2 - g + 2. Let u = -13 - -11. Determine l(u).
8
Let t(m) = m - 2. Let y(d) = -d**3 + 18*d**2 + d - 15. Let z be y(18). Calculate t(z).
1
Let c(n) = n + 4. Let i be c(5). Suppose -3 = -3*t - i. Let a(o) = -4*o. Let h(p) = -5*p. Let q(j) = -4*a(j) + 3*h(j). Determine q(t).
-2
Let b(o) = -o**2 + 5*o - 5. Let h be b(5). Let p(f) = -4*f**2 - f + 7. Let a(s) = 2*s - 2*s + 8 - 5*s**2. Let i(x) = h*a(x) + 6*p(x). Calculate i(5).
-3
Let q(f) = 2*f - 2 - f + 10. Let l be 6/15 + (-4)/10. What is q(l)?
8
Let q(h) be the first derivative of -h**4/4 + h**2/2 - 7*h - 4. Let g be 51/(-9) - 6/(-9). Let v be (0/g)/(2*1). Determine q(v).
-7
Let o(v) = v**3 - 5*v**2 + 3*v + 1. Let c = 9 + -5. Let p be o(c). Let q(r) = r**2. Give q(p).
9
Let b(k) = k**2 + 3*k + 4. Suppose -3*n = 2*i + i + 12, 2*i - 7 = n. Let t be i/(-6) - 34/12. What is b(t)?
4
Let i be (-4)/(-6) - (-1 + (-16)/12). Let f(l) = -l - 1. What is f(i)?
-4
Let y(j) be the first derivative of -j**4/4 + 5*j**3/3 - 2*j**2 + 2*j - 4. Let i be 3 - (2 + -2 + 0). Determine y(i).
8
Let w(s) = -s + 6. Let j(b) = b + 6. Let f be j(-9). Let c(p) = p**2 + 3*p. Let v be c(f). Determine w(v).
6
Let v(a) be the first derivative of -a**3/3 + a**2/2 + 8*a - 1. Suppose f = -0*f + 1. Suppose -5*x + 6 = -5*t + f, 0 = -2*x + 2. Give v(t).
8
Let y(x) = 0*x - 3*x + 1 + 2*x. Let l be y(4). Let p(t) be the second derivative of t**3/6 + 7*t**2/2 + t. Calculate p(l).
4
Let q(r) = 0 - 4 + 5*r - 4*r. Let l = 28 - 28. Determine q(l).
-4
Let v(q) = -3*q - 9. Let p(g) = 9*g + 26. Let k(j) = 4*p(j) + 11*v(j). Let w be k(-2). Let c(u) = 6*u**3 - u**2 - u. What is c(w)?
-6
Suppose 9 = -b - 2*g, 2*g + 5 = -5*b - 24. Let y = b - -4. Let z(o) = 2*o + 0*o - 5*o - o. Give z(y).
4
Let k(a) = a + 1. Let u(x) be the second derivative of x**4/12 - x**2/2 + 6*x. Let b(s) = -k(s) - 3*u(s). What is b(2)?
-12
Let r(j) = -j**3 + j - 1. Let t(f) = 9*f**3 - 4*f + 5. Let s(m) = 4*r(m) + t(m). What is s(1)?
6
Let b be (-3)/18 + (-31)/(-6). Let q(w) = w**3 - 6*w**2 + 5*w + 5. Calculate q(b).
5
Let c(r) = -3*r**2 - r + 1. Let d(w) = w**2 + 1. Let p(h) = -c(h) - 2*d(h). Calculate p(-4).
9
Suppose 0 = x + 4*o + 15 - 3, -2*o + 12 = 5*x. Let l(k) = -7 - 1 - x - k. Calculate l(-6).
-6
Let r(j) = 9*j + 92. Let p be r(-10). Let h(t) be the second derivative of t**4/6 - t**3/6 - t**2 - t. Calculate h(p).
4
Let m = -8 + 9. Let q(b) = 2*b**2 + 4*b**2 - 9 + 0*b + b**3 - b + m. Give q(-6).
-2
Suppose -3*n - 19 = -5*s, -5 + 3 = -2*s + 4*n. Let q(u) = -u + 3. Give q(s).
-2
Let m(t) = t - 1. Let s be m(4). Let q be (5/(-3))/(1/s). Let f(a) = 7*a + 11. Let c(x) = -20*x - 32. Let b(u) = 6*c(u) + 17*f(u). What is b(q)?
0
Let k(x) = -x**2 - 3*x + 1. Let t = -16 + 23. Let s = -11 + t. Let h be k(s). Let l(r) = -r - 5. What is l(h)?
-2
Let f be ((-3)/2)/(2/4). Let m(k) = -k - 2. Let p be m(0). Let n = f - p. Let w(h) = 6*h**3 + h**2 + h + 1. Calculate w(n).
-5
Let n(a) be the second derivative of a**3/6 + 2*a**2 + 21*a. Let t(o) = -o**2 - 6*o + 7. Let g be t(-6). Let z = -4 + g. What is n(z)?
7
Let h(f) = 5*f**2 + 6*f + 1. Let u(c) = -11*c**2 - 13*c - 3. Let m(v) = -9*h(v) - 4*u(v). Let d be (10/6)/((-4)/24). Let a = -14 - d. What is m(a)?
-5
Let x(j) = 0*j + 19 - 40 - 19*j + 22. Give x(1).
-18
Let g = 15 - 20. Let i(l) = l**2 + 6*l + 1. Determine i(g).
-4
Let r be (0/(9/3))/(-3). Let h(u) = -u**3 - u**2 + u + 2. Calculate h(r).
2
Let w(c) be the first derivative of -c**4/4 - 5*c**3/3 + 5*c**2/2 - 6*c - 39. What is w(-6)?
0
Let f(d) = d + 4. Let t be f(-2). Let h(b) = 0 + 3 + t - 7 - b. Determine h(-5).
3
Let h(o) = -6*o**3 - 2*o**2 + 1. Let n(k) = k**3 + 16*k**2 + 16*k + 16. Suppose -43 = 3*w + 2*c, -5*w = -2*w - 5*c + 50. Let s be n(w). Give h(s).
-7
Let o(q) = -q**3 - 6*q**2 - q + 4. Suppose 0 = -2*y + 5 - 17. Give o(y).
10
Let h(b) = 31*b**2 + 13*b - 13. Let s(g) = -15*g**2 - 6*g + 6. Let z(l) = -6*h(l) - 13*s(l). Suppose -f + 2*f - 10 = -5*w, -3*w - 3*f = -18. Calculate z(w).
9
Let v(r) = 99*r - 3*r**2 - 2*r**2 - 99*r. Let o = -10 - -9. Give v(o).
-5
Let y(a) = a**2 - 4*a - 5. Let l be 1/((-5)/(-60)*3). Determine y(l).
-5
Let b(f) = -6*f**3 + 8 - 4*f**2 + 5*f**3 + 3*f**2. Give b(0).
8
Let q(b) = -3 - 2*b**3 + 0*b**3 + 0 - 3*b**2 - 2*b. Let r be (8 + 0)/((-6)/(-3)). Suppose -h = -2*g - 8, 0*h + 2*g + 18 = -r*h. Calculate q(h).
5
Let p(a) = -a - 6. Let g(l) be the second derivative of -l**8/6720 + l**7/2520 + l**4/4 - l. Let w(c) be the third derivative of g(c). Let t be w(1). Give p(t).
-6
Suppose -2*x - 6 + 14 = 0. Let f = -8 + x. Let z(y) be the second derivative of y**4/12 + 5*y**3/6 + 5*y**2/2 + y. Give z(f).
1
Let p(v) = -3*v**3 + 2*v**2. Let t be p(-1). Let h(n) = -4*n + 4. What is h(t)?
-16
Suppose 3*k + 35 = -4. Let a = k - -22. Suppose a = 2*m + r + 1, 0 = m + 4*r - 4. Let b(c) = c**3 - 5*c**2 + 7*c - 6. Give b(m).
6
Let z(g) = -g. Let n be 4/(-2*2/4). What is z(n)?
4
Suppose 6 - 22 = -4*g. Let r(q) = 2*q + 4*q - g*q - 8. Give r(7).
6
Let k(q) = q**2 + 2*q - 5. Let d(v) = -v**3 - 8*v**2 + 4*v - 3. Let g be d(-6). Let s = g + 143. Suppose 0 = 3*u - 3*n + 27, 5*u - 4*n - 4 = -s. Calculate k(u).
3
Suppose 3*x - 5*p - 17 = 0, 3*x - 2*p - 14 = -0*x. Let l(t) be the third derivative of t**5/60 - t**4/8 + t**3/3 - 2*t**2. What is l(x)?
6
Let x be (-120)/45 + (-4)/3. Let z(j) = -j + 1. Give z(x).
5
Let q(o) = o**2 + 2*o + 4. Let k = 2 + 0. Suppose 0 = -3*g + k*g - 3. Calculate q(g).
7
Suppose 5*p - 4*n + 0 = 21, -4*p + 5*n + 24 = 0. Let s(j) = -7*j + 6*j + 8*j. Calculate s(p).
7
Let g(i) = 7*i - 2. Suppose 0 = z + r - 2, 0 = 3*z - r - 10. What is g(z)?
19
Let x(g) = -5*g**3 - g**2 - g + 1. Let c(f) = -f**2 - 7*f - 3. Let p be c(-6). Suppose 8 = -2*u - 2*u. Let o = p + u. What is x(o)?
-6
Let n(c) = -c**2 - 7*c. Let s be n(-7). Let o(m) be the third derivative of -2*m**2 + 1/120*m**6 + 1/2*m**3 - 1/10*m**5 + 0 + 0*m**4 + s*m. Determine o(6).
3
Let q(b) be the first derivative of b**3/3 + b**2 - 3*b - 1. Let n be 1 + -2 + -8 - -3. Let j be 4/n*(0 + 6). Determine q(j).
5
Let q(y) be the first derivative of -3*y**4/4 + y**3/3 + y**2 + y - 36. Determine q(-1).
3
Let p be 1/((-6)/9*21/(-70)). Let q(u) = -4*u + 7. Give q(p).
-13
Suppose 4*d - 11 - 1 = 0. Let y = 0 - -3. Let s(p) = 3 - p - y + 1. What is s(d)?
-2
Let m(w) = -7*w - 8. Let h(c) = 15*c + 17. Let j(d) = 6*h(d) + 13*m(d). Suppose 5*p = 3*x + 57, 2*p + 2*x - 12 = -2. Suppose -3*s = -3 - p. Calculate j(s).
-6
Let g(r) be the second derivative of 7/24*r**4 + 0 - 2/3*r**3 + 1/360*r**6 + 0*r**2 - 4*r - 1/20*r**5. Let w(p) be the second derivative of g(p). What is w(5)?
2
Suppose 2 = -g + 1. Let i(l) = -10 + 4*l - 4*l**3 + l**2 + 10 - 3*l. What is i(g)?
4
Let i(u) = u**2 - 1. Let f(n) = n**3 - n**2 - 5*n - 3. Let j(x) = f(x) - 2*i(x). Let q = 3 + 1. Determine j(q).
-5
Let h(f) = -17*f**2 - f - 1. Let s(i) = 18*i**2 + i + 1. Let o(x) = 2*h(x) + 3*s(x). Calculate o(-1).
20
Let g = -3 + 2. Let i(p) = 9*p**3 - 2*p**2 + 5*p + 6. Let d(h) = -9*h**3 + 2*h**2 - 6*h - 7. Let f(q) = 6*d(q) + 7*i(q). Give f(g).
-10
Suppose 8 = 4*m + j, 2 + 2 = -j. Let o(x) = 0 - x + 0 - 2 + m. Determine o(5).
-4
Let j(k) be the first derivative of -3*k**4/2 + k**3/3 + k**2/2 + k + 1. Suppose 0*u - 44 = -4*u + 2*z, -4*u - 4*z = -32. Let d = 9 - u. Determine j(d).
7
Let c(u) = 6*u**3 + 2*u - 1. Let o be 0/((-2)/(5 - 3)). Suppose o = g - 0 - 1. Calculate c(g).
7
Suppose -5*d - 2*a = 311, 5*a + 46 = 3*d + 245. Let v be (-14)/d + (-38)/9. Let u(n) = 2*n. Give u(v).
-8
Let g(y) = y**3 - 5*y**2 - 7*y + 6. Let r = 2 - -2. Suppose o - r*k = -10, -5*o = 3*k + k - 46. What is g(o)?
0
Let l(r) = -3*r - r**2 - 1 + 0 - 2*r**2. Suppose 0 = 2*u + 1 + 19. Let n = 8 + u. What is l(n)?
-7
Let p(l) be the second derivative of -l**3/6 - 4*l**2 + 2*l. Suppose -4*u = 5*x + 38, 0 = 5*x + 2*u - 8 + 42. Determine p(x).
-2
Let v(n) = -2*n - n**3 + 0 + 2*n**3 - 8 + 6*n**2. Let q be v(-6). Let h(y) = y**3 - 4*y**2 - y - 1. Calculate h(q).
-5
Suppose 2*m - 3 = 7. Let q(u) = -2*u - 4. Determine q(m).
-14
Let n(i) = -i**3 + 4*i**2 + 2*i - 3. Let h be n(4). Suppose 16 = h*p - 9. Suppose p*c = c. Let u(d) = d**2 + d + 7. Determine u(c).
7
Let i(d) = -d**2. Let v(h) = -4*h**2 + 4*h - 1. Let z(a) = -5*i(a) + v(a). Let p = 12 - 17. Give z(p).
4
Let j(b) = -5*b. Let h(i) 